{"id":4,"date":"2014-09-14T05:55:12","date_gmt":"2014-09-14T03:55:12","guid":{"rendered":"http:\/\/dissidenz.noblogs.org\/?page_id=4"},"modified":"2018-11-03T02:10:57","modified_gmt":"2018-11-03T01:10:57","slug":"about","status":"publish","type":"page","link":"https:\/\/dissidenz.noblogs.org\/?page_id=4","title":{"rendered":"&Uuml;ber"},"content":{"rendered":"<p>Ein Ort, um meine <a href=\"http:\/\/www.streifzuege.org\/2010\/dissidenz\">Dissidenz<\/a> zu bekunden, Kritik zu \u00e4u\u00dfern, Gedanken zu sammeln und zu dokumentieren. M\u00f6gen sie dir keinen Kummer bereiten.<\/p>\n<p>Ausf\u00fchrlichere Beschreibung folgt vielleicht&#8230; aber eher nicht.<\/p>\n<p>Kontakt:<\/p>\n<p><b>[wp2pgpmail]<\/b><\/p>\n<p>Oder schreib mir via twitter: <a href=\"https:\/\/twitter.com\/c_wie_zebra\"><span class=\"\"><span class=\"\">@<\/span>c_wie_zebra<\/span><\/a><\/p>\n","protected":false},"excerpt":{"rendered":"<p>Ein Ort, um meine Dissidenz zu bekunden, Kritik zu \u00e4u\u00dfern, Gedanken zu sammeln und zu dokumentieren. M\u00f6gen sie dir keinen Kummer bereiten. Ausf\u00fchrlichere Beschreibung folgt vielleicht&#8230; aber eher nicht. Kontakt: [wp2pgpmail] Oder schreib mir via twitter: @c_wie_zebra<\/p>\n","protected":false},"author":5671,"featured_media":0,"parent":0,"menu_order":0,"comment_status":"open","ping_status":"closed","template":"","meta":{"footnotes":""},"class_list":["post-4","page","type-page","status-publish","hentry"],"_links":{"self":[{"href":"https:\/\/dissidenz.noblogs.org\/index.php?rest_route=\/wp\/v2\/pages\/4","targetHints":{"allow":["GET"]}}],"collection":[{"href":"https:\/\/dissidenz.noblogs.org\/index.php?rest_route=\/wp\/v2\/pages"}],"about":[{"href":"https:\/\/dissidenz.noblogs.org\/index.php?rest_route=\/wp\/v2\/types\/page"}],"author":[{"embeddable":true,"href":"https:\/\/dissidenz.noblogs.org\/index.php?rest_route=\/wp\/v2\/users\/5671"}],"replies":[{"embeddable":true,"href":"https:\/\/dissidenz.noblogs.org\/index.php?rest_route=%2Fwp%2Fv2%2Fcomments&post=4"}],"version-history":[{"count":5,"href":"https:\/\/dissidenz.noblogs.org\/index.php?rest_route=\/wp\/v2\/pages\/4\/revisions"}],"predecessor-version":[{"id":270,"href":"https:\/\/dissidenz.noblogs.org\/index.php?rest_route=\/wp\/v2\/pages\/4\/revisions\/270"}],"wp:attachment":[{"href":"https:\/\/dissidenz.noblogs.org\/index.php?rest_route=%2Fwp%2Fv2%2Fmedia&parent=4"}],"curies":[{"name":"wp","href":"https:\/\/api.w.org\/{rel}","templated":true}]}}